2 + p - 14. Let j(q) = q**3 + q**2 + 1. Let l be (-3)/(-9) + (-2)/(-3). Let a(k) = l*v(k) + 5*j(k). Let o = 14 - 7. Determine a(o).
-2
Let t(n) = 22*n - 13. Let z(b) = 4*b - 2. Let i(m) = t(m) - 4*z(m). What is i(4)?
19
Let d(r) = -2*r + 5. Suppose 2 = -2*t - 6. Let o be (2/(t/(-6)))/1. Suppose 5 = 4*l - o*h, l - 2*h + 20 = 3*l. Give d(l).
-5
Let a(r) = -1 - 4 - 1 + 12*r + 9 - 7. Determine a(2).
20
Let c be (2/3*93)/(-2). Let k = -28 - c. Let u(z) = -z**2 - 2*z - 3. Calculate u(k).
-18
Let t(a) = -4*a**2 - 2*a - 5. Let p(y) = -5*y**2 - y - 6. Let x(o) = 2*p(o) - 3*t(o). Calculate x(-2).
3
Let n(p) = -p**3 + 6*p**2 + p - 1. Let j be (-290)/(-60) + 2/12. Suppose -c + j*a + 26 = 0, 6 = 3*c + 6*a - 3*a. Determine n(c).
5
Let q(c) be the first derivative of -c**4/12 + c**3/6 + 2*c**2 - 44*c + 33. Let v(n) be the first derivative of q(n). Calculate v(5).
-16
Let p(r) = 18*r + 336. Let o be p(-19). Let g(u) = 4*u + 15. Give g(o).
-9
Let j be (-1 + (-26)/4)*128/(-96). Let b(f) = 1 + 7 + 3 - 2*f. What is b(j)?
-9
Let q(r) = 2*r - 1. Let j be ((-6)/4)/((-3)/2). Let u(i) = 5*i**2 - 3*i + 3. Let b be u(j). Calculate q(b).
9
Let r(j) be the first derivative of -j**3/3 + 3*j**2/2 + 2*j + 73. What is r(2)?
4
Let f = -55 - -60. Suppose -3*n + 2*g + 1 = -0*n, -f*n + 4 = -g. Let p(m) = 14*m. What is p(n)?
14
Let s(q) = 42*q**2 - q. Let v be 6/8*(-228)/(-171). Determine s(v).
41
Let k(f) be the first derivative of -f**4/4 - 8*f**3/3 - f**2/2 + 3*f - 717. Calculate k(-7).
-39
Let k(b) = -b + 1. Let y(r) = -r**3 - 8*r**2 + 14. Let a(j) = -2*k(j) + y(j). Give a(-8).
-4
Let v(m) be the second derivative of m**4/12 - m**3 - m**2/2 - 2*m. Let z be v(7). Let x(u) = 7*u**2 - 10*u**2 + 2 + 2*u**2 + 5*u + 2*u. What is x(z)?
8
Let f(y) = 13*y - 1. Let m = 47 - 46. Give f(m).
12
Let a(u) = u + 19*u - 33*u - 4 + u**3 + 12*u**2. Determine a(-13).
-4
Let q(a) = 1451*a**2 - 4350*a**2 - 2 + 1456*a**2 + 1442*a**2. Let m be 1*(-2)/(-4)*4. Suppose 0*d - m = d. Give q(d).
-6
Suppose 9 - 41 = -4*m. Let y = m - 4. Let r(q) = 0 + 5*q**2 + y - q**3 + 1 + 12*q - 5*q. Give r(6).
11
Let h(y) be the first derivative of -y**3/3 - y**2/2 + 4*y + 242. Give h(2).
-2
Suppose 4*n = 5*s - 44, 0 = 2*n - 5*s + 8*s + 22. Let i(b) = 2*b + 20. Calculate i(n).
-2
Let c(d) = -d + 1. Let j be 42/(-28) + 0 + (-18)/4. Let v be -3 + j*(-12)/8. What is c(v)?
-5
Let l be (-36)/48*176/(-12). Let x(p) = -p**2 + 10*p + 7. Calculate x(l).
-4
Let i(c) = 6*c - 29. Let z be i(4). Suppose -l - 3*l + 4*p = -28, l - 3*p = 3. Let t(w) = 0*w - w - l + w - w. Determine t(z).
-4
Let v(i) = 2*i + 1. Suppose -2*s = 5*q + 37, -2 = -2*q - 12. Let a(l) = -l. Let n(w) = -w. Let o(c) = a(c) - 2*n(c). Let g be o(s). Give v(g).
-11
Let u(s) = 2*s + 31 + 2*s**2 - 59 - 2*s + 27. Suppose 5*a - a = 0. Suppose -4*z + 3*q - 25 = -5, a = -z - 3*q + 10. Calculate u(z).
7
Suppose 2*l + 0 = 24. Suppose -2*b - f = 3*f - 2, -5*b - 3*f = -l. Let r(y) be the third derivative of y**5/60 - y**4/6 + 11*y**2. What is r(b)?
-3
Let d(w) = -153*w**2 - 5*w - 1 + 2 - 153*w**2 + 307*w**2. What is d(-5)?
51
Let c(u) = u**2 + 7*u + 2. Let d(n) be the second derivative of n**4/12 + n**3/6 - n**2/2 - 6*n. Let z(q) = c(q) - 2*d(q). What is z(4)?
8
Let w(q) = 6*q**2 + q - 1. Let b = -5 - -6. Let d(s) = -s**3 - s**2 - s - 1. Let h(a) = b*d(a) + w(a). Let f be (10/(-8))/((-3)/12). Calculate h(f).
-2
Let h(t) = -3498*t + 1744*t + 1740*t - 4*t**2 + 5 + 6*t**2. Determine h(10).
65
Let t(s) = s. Let a = 5 - 4. Let x be t(a). Let h be ((-8)/(-8))/(0 - x). Let l(j) = -17*j**2 - j. What is l(h)?
-16
Let w(q) = q**2 + 4*q - 3. Let j be w(-5). Let y(u) = u**2 + 0*u**2 - 3*u + 0*u**j + 5 + 9*u. Suppose -4*k = 4*z + 20, -z + 5 = -k + 2*z. What is y(k)?
0
Let i = 123 - 82. Let g(m) = 6*m + 40*m**2 - 2*m - i*m**2. Determine g(7).
-21
Let u(v) = -4*v**3 - 2*v**2 + 1. Let f be u(-1). Let z(q) = -6*q + 4*q - 24667 + 24666. Give z(f).
-7
Let v(w) = 2*w**3 - 2*w - 1. Suppose 5*q - 3*k - 45 = 0, 5*k - 73 = -4*q - 0*k. Let n be (-12)/(-8)*(-8)/q. What is v(n)?
-1
Let i = -104 + 109. Let f(z) = -z**2 + 5*z - 2. Determine f(i).
-2
Suppose 3*s = 8*s. Suppose 2*f - f = s. Let n(d) = f + d - 1 + 0. Determine n(-3).
-4
Suppose 4 = -3*n - 5. Let x be 70/15 + (-1)/n. Let p(b) = 81 - x*b - 80 + b**2 - b. What is p(6)?
1
Let p(d) = 3*d - 2. Suppose 3*o - 201 = -192. Calculate p(o).
7
Let i be (1 - -1) + 6/(0 - 3). Suppose -3*a + i*a + 27 = 3*j, 5*a = 4*j. Let h(z) = -4 + 2 + 2*z + 0*z. What is h(a)?
6
Let b(m) be the first derivative of m**5/60 + m**4/3 + m**3/3 - 17*m**2/2 + 6. Let o(z) be the second derivative of b(z). Give o(-7).
-5
Let j(h) = -337*h**2 + h + 32. Let y(z) = -119*z**2 + 11. Let i(u) = -6*j(u) + 17*y(u). Determine i(-7).
-12
Let u(r) be the third derivative of r**4/24 - 13*r**3/6 - 2*r**2 - 14*r. What is u(8)?
-5
Let n(m) = 3*m**2 + 26*m + 15. Let t be n(-7). Let z be (t/(-25))/((-10)/25). Let q(g) = -3 - 3*g + 2*g**2 + g**3 - 4*g**3 + 4*g**3. What is q(z)?
3
Let a = 2/29 - -52/87. Let p(w) be the third derivative of 0*w + 1/12*w**5 + 0 - 1/24*w**4 + 2*w**2 + 1/120*w**6 + a*w**3. What is p(-5)?
9
Let u(w) = w**3 + 6*w**2 + 2*w + 6. Suppose -4*y + 2*c = 6*c - 504, -y + 3*c + 114 = 0. Suppose 12*g + y = 51. What is u(g)?
-6
Let u(o) = 5 - 7 + 4*o**2 - o**2 + 268*o - 265*o. Give u(-3).
16
Let d(l) = 2*l - 7. Let g(m) = -m + 2. Suppose 20 - 14 = -2*a. Let b be g(a). Give d(b).
3
Suppose -1450*q + 1447*q - 12 = 0. Let d(k) = -k**3 - k**2 + 2*k - 5. Give d(q).
35
Let t(y) = -2*y + 32. Let q be t(18). Suppose -3*n = -5*z + 16, -2*n + 5*n = z - 8. Let w(i) = -5*i - 4*i**2 + z + 2 + 2*i**2. What is w(q)?
-8
Let y(j) be the third derivative of -j**9/12096 + j**8/20160 + j**7/5040 + j**5/20 - 4*j**2. Let k(x) be the third derivative of y(x). What is k(-1)?
5
Suppose 4*r + 18 = -r + 3*d, -r - 4*d = -1. Let s be (2 + r)/(4/36). Let n(c) = -c**3 - 10*c**2 - 8*c + 10. Give n(s).
1
Let o(r) be the first derivative of -2*r**2 + 3*r - 416. Calculate o(3).
-9
Let j = 29 + -24. Suppose -5*d = -0*l + l, -j*d = -4*l + 25. Let f(i) = -i + 7. Give f(l).
2
Let f(d) = -d - 9. Let r(y) = -2*y + 14. Let z be r(7). Suppose l - 4*u + 20 = 5*l, 0 = 2*l - 3*u. Suppose -7*c + l*c = z. What is f(c)?
-9
Let z(q) be the second derivative of -q**4/12 + 2*q**3/3 + 3*q**2 + 261*q. What is z(4)?
6
Let s(g) = 4*g**3 - 7*g**2 + 5*g. Let u(p) = -9*p**3 + 12*p**2 - 10*p + 1. Let v(j) = -5*s(j) - 2*u(j). Determine v(5).
-2
Let b(h) = h**2 - 4*h + 5. Let d(w) be the second derivative of 7/12*w**4 + 1/20*w**5 + 2/3*w**3 + 0 - 4*w**2 + 6*w. Let r be d(-6). Calculate b(r).
5
Let i(p) = -2*p**2 - 2*p - 9. Let h(u) = -u**2 - 1. Let n(j) = 3*h(j) - i(j). Let d be (-7)/(-8) + (6 - 2) + 3/24. Determine n(d).
-9
Let n(t) = -t**3 + 3*t**2 + 5*t + 3. Let o be n(4). Suppose o*y - 25 - 3 = 0. Let h(v) = v**3 - 4*v**2 - v - 2. Calculate h(y).
-6
Let u(i) = -25*i**2 + i - 1. Let a be (268/(-2))/(-1 - 1). Let v = 68 - a. Give u(v).
-25
Let t = 96 + -102. Let i(f) = f**2 + 9*f + 11. Let b be i(t). Let k(j) = -j - 7. Calculate k(b).
0
Let s(r) = 8*r**2 + 4 - 4*r**3 + 3*r**3 - 9*r + 2*r**3. Let h = 4946 - 4955. Give s(h).
4
Let w(u) = -8*u. Let z = 71 - 72. Determine w(z).
8
Let z(m) be the second derivative of -m**4/12 - 7*m**3/6 - 9*m**2/2 - 10*m. Let a be z(-4). Suppose -a = 2*w - 1. Let h(k) = 13*k + 1. What is h(w)?
-12
Let f(o) = -186*o - 530. Let y be f(-3). Let t(m) = m**3 - 29*m**2 + 27*m + 18. What is t(y)?
-10
Suppose 10 = -5*p + 4*n, 5*p - 2*n + 10 = -5*n. Let t be 6/(-27) + (-8)/(-36). Let j(r) = t + 2 + r + 0 - 4. Give j(p).
-4
Let a(u) be the second derivative of 1/20*u**5 + 0 + u - 1/6*u**3 + 1/6*u**4 + 3/2*u**2. Suppose 5*q + 22 = -4*z, 7 = 2*z + 2*q + 17. Calculate a(z).
-3
Let p be (-8)/10*(-25)/2. Suppose -5*c + p + 5 = 0. Suppose c = y + 8. Let w(d) = -d**2 - 4*d - 2. Determine w(y).
-7
Suppose -5*a = -2*a. Suppose -5*o + a*b - 33 = 3*b, -5*b = -3*o - 47. Let d(r) = -r**3 - 8*r**2 + 8*r - 13. What is d(o)?
-4
Let t(g) = -5*g + 4. Let z(i) = 4*i - 3. Let b(a) = -a**2 - 12*a + 16. Let r be b(-13). Let q(s) = r*z(s) + 2*t(s). Calculate q(2).
3
Suppose 3*z - 1 = 2*a + 18, z - 17 = -2*a. Let n(i) = -4*i + i + 2*i - z - 2*i. Let w = -13 + 7. Give n(w).
9
Let n(a) be the first derivative of -a**4/4 + 8*a**3/3 - 4*a**2 - 